56
Convert -2d (base 16) to base 7.
-63
Convert -1 (base 7) to base 16.
-1
337 (base 8) to base 16
df
4 (base 7) to base 8
4
What is -8 (base 15) in base 4?
-20
What is 10 (base 4) in base 12?
4
Convert 39 (base 12) to base 4.
231
What is 301 (base 5) in base 2?
1001100
What is 16 (base 7) in base 8?
15
Convert 2 (base 14) to base 2.
10
What is 0 (base 3) in base 4?
0
Convert 182 (base 11) to base 9.
254
Convert 10 (base 10) to base 9.
11
What is -11c (base 14) in base 16?
-de
What is 256 (base 7) in base 15?
94
201 (base 3) to base 8
23
What is -1 (base 14) in base 12?
-1
What is -115 (base 8) in base 13?
-5c
Convert 20 (base 5) to base 8.
12
What is 104 (base 5) in base 11?
27
Convert 1a (base 13) to base 14.
19
Convert 1 (base 6) to base 12.
1
Convert -40 (base 7) to base 15.
-1d
What is -2 (base 11) in base 3?
-2
-211 (base 3) to base 8
-26
-2 (base 3) to base 6
-2
What is -1310 (base 4) in base 11?
-a6
Convert -6 (base 16) to base 10.
-6
What is -110 (base 2) in base 13?
-6
What is -22 (base 4) in base 2?
-1010
Convert 2 (base 5) to base 15.
2
-2 (base 13) to base 5
-2
Convert 222 (base 9) to base 5.
1212
11110 (base 3) to base 6
320
-102 (base 3) to base 6
-15
3 (base 6) to base 15
3
Convert 0 (base 13) to base 3.
0
What is 17 (base 16) in base 2?
10111
-1 (base 14) to base 6
-1
What is 4 (base 9) in base 4?
10
203 (base 6) to base 15
50
-12002 (base 3) to base 9
-162
-30 (base 12) to base 13
-2a
What is -62 (base 13) in base 2?
-1010000
What is -155 (base 6) in base 11?
-65
Convert 5 (base 14) to base 9.
5
What is -2 (base 13) in base 4?
-2
Convert -2 (base 12) to base 2.
-10
Convert 5 (base 10) to base 5.
10
What is -17 (base 15) in base 2?
-10110
-3 (base 7) to base 15
-3
-11b (base 16) to base 12
-1b7
What is 5 (base 16) in base 5?
10
b (base 12) to base 5
21
What is 1 (base 13) in base 16?
1
Convert -20 (base 4) to base 16.
-8
What is d (base 15) in base 12?
11
What is 11 (base 10) in base 8?
13
-100 (base 2) to base 4
-10
-1211 (base 3) to base 7
-100
Convert 11 (base 7) to base 8.
10
Convert -1a (base 15) to base 5.
-100
Convert -206 (base 11) to base 13.
-161
What is -2 (base 14) in base 9?
-2
Convert -11001 (base 2) to base 16.
-19
-360 (base 7) to base 11
-162
What is 11 (base 2) in base 4?
3
Convert 22 (base 13) to base 2.
11100
-1 (base 7) to base 4
-1
What is -204 (base 6) in base 8?
-114
7 (base 8) to base 11
7
-11110 (base 2) to base 14
-22
Convert 42 (base 15) to base 11.
57
Convert 82 (base 15) to base 16.
7a
Convert 0 (base 10) to base 6.
0
-19 (base 14) to base 3
-212
9 (base 10) to base 9
10
What is -99 (base 13) in base 12?
-a6
What is 4 (base 9) in base 14?
4
-9 (base 16) to base 11
-9
-211 (base 6) to base 13
-61
What is 5 (base 7) in base 5?
10
Convert -110100 (base 2) to base 5.
-202
Convert -74 (base 11) to base 14.
-5b
Convert 124 (base 7) to base 2.
1000011
-c (base 13) to base 3
-110
What is -11111 (base 2) in base 5?
-111
Convert -102 (base 5) to base 12.
-23
Convert -1543 (base 6) to base 5.
-3143
75 (base 8) to base 12
51
What is -15a (base 11) in base 4?
-2322
What is -53 (base 9) in base 2?
-110000
Convert 14 (base 12) to base 5.
31
Convert 0 (base 7) to base 12.
0
3 (base 4) to base 7
3
-1 (base 2) to base 15
-1
Convert 100 (base 2) to base 15.
4
What is 20 (base 15) in base 13?
24
-341 (base 5) to base 16
-60
-9 (base 16) to base 5
-14
What is 142 (base 5) in base 11?
43
What is 0 (base 14) in base 9?
0
7e (base 15) to base 9
142
-1 (base 2) to base 7
-1
Convert 3 (base 9) to base 15.
3
321 (base 5) to base 14
62
Convert 10 (base 16) to base 3.
121
Convert 2 (base 13) to base 7.
2
-2 (base 12) to base 4
-2
What is -2 (base 12) in base 14?
-2
What is -41 (base 6) in base 5?
-100
111 (base 3) to base 16
d
1 (base 15) to base 2
1
-12 (base 13) to base 4
-33
What is 57 (base 9) in base 6?
124
Convert -430 (base 6) to base 8.
-242
What is -b (base 12) in base 4?
-23
What is a (base 12) in base 10?
10
Convert 20 (base 4) to base 7.
11
What is 5 (base 12) in base 14?
5
Convert -2 (base 11) to base 13.
-2
-3f (base 16) to base 10
-63
What is 11100 (base 2) in base 16?
1c
Convert 143 (base 7) to base 10.
80
-1001001 (base 2) to base 5
-243
Convert -99 (base 15) to base 7.
-264
What is 10 (base 16) in base 8?
20
-10 (base 10) to base 6
-14
What is -2 (base 6) in base 10?
-2
What is -20201 (base 3) in base 8?
-265
What is 11 (base 11) in base 9?
13
Convert -1b (base 12) to base 6.
-35
Convert 3c (base 13) to base 10.
51
What is 11 (base 13) in base 16?
e
What is -1 (base 15) in base 11?
-1
What is 3 (base 12) in base 16?
3
What is 3 (base 16) in base 9?
3
53 (base 9) to base 11
44
-10 (base 7) to base 12
-7
What is 1c8 (base 13) in base 12?
239
Convert -16a (base 11) to base 6.
-525
What is 1 (base 15) in base 14?
1
What is 1e (base 16) in base 5?
110
-4 (base 9) to base 10
-4
What is -4 (base 10) in base 3?
-11
-4 (base 9) to base 13
-4
What is -10011000 (base 2) in base 14?
-ac
Convert -210 (base 3) to base 4.
-111
Convert -444 (base 7) to base 2.
-11100100
Convert 26 (base 7) to base 16.
14
Convert -103 (base 4) to base 9.
-21
What is -1 (base 5) in base 11?
-1
What is -13 (base 14) in base 15?
-12
What is -201 (base 3) in base 9?
-21
0 (base 3) to base 7
0
What is -20 (base 8) in base 9?
-17
What is -c (base 14) in base 15?
-c
Convert -64 (base 12) to base 13.
-5b
What is -23 (base 10) in base 15?
-18
Convert c6 (base 15) to base 10.
186
Convert 1 (base 10) to base 15.
1
What is 4 (base 15) in base 4?
10
-109 (base 14) to base 15
-da
Convert 3 (base 13) to base 10.
3
3 (base 5) to base 2
11
Convert -10 (base 8) to base 11.
-8
What is -5 (base 13) in base 12?
-5
What is -21 (base 11) in base 10?
-23
-2 (base 9) to base 5
-2
Convert -113 (base 4) to base 14.
-19
What is 100101 (base 2) in base 10?
37
-58 (base 13) to base 10
-73
11010 (base 3) to base 11
a1
-2030 (base 4) to base 16
-8c
3 (base 7) to base 2
11
342 (base 5) to base 6
241
-84 (base 10) to base 14
-60
What is 303 (base 4) in base 8?
63
What is -a (base 13) in base 14?
-a
Convert 22 (base 3) to base 6.
12
Convert 15a (base 12) to base 2.
11010110
What is -13 (base 13) in base 3?
-121
-1 (base 13) to base 5
-1
Convert 76 (base 12) to base 10.
90
What is -2 (base 6) in base 9?
-2
Convert -1 (base 10) to base 8.
-1
Convert 3 (base 9) to base 15.
3
What is 145 (base 6) in base 5?
230
What is -254 (base 7) in base 6?
-345
What is 4 (base 16) in base 12?
4
Convert 3 (base 6) to base 2.
11
Convert 224 (base 8) to base 6.
404
Convert 13 (base 13) to base 4.
100
Convert 100101011 (base 2) to base 14.
175
3 (base 6) to base 5
3
What is -1 (base 6) in base 2?
-1
-4 (base 6) to base 5
-4
10222 (base 3) to base 10
107
What is -2 (base 3) in base 6?
-2
Convert 2 (base 6) to base 7.
2
Convert -10111 (base 4) to base 5.
-2102
What is -43 (base 13) in base 6?
-131
2 (base 3) to base 14
2
3 (base 6) to base 8
3
168 (base 10) to base 13
cc
110 (base 5) to base 9
33
4 (base 9) to base 13
4
What is -403 (base 6) in base 13?
-b4
-3 (base 16) to base 5
-3
What is -11 (base 5) in base 13?
-6
What is 10 (base 10) in base 15?
a
-46 (base 11) to base 6
-122
Convert -6 (base 16) to base 7.
-6
11a (base 14) to base 2
11011100
What is -30 (base 4) in base 8?
-14
Convert 1 (base 2) to base 13.
1
What is 6 (base 16) in base 6?
10
What is -8 (base 13) in base 8?
-10
Convert 1 (base 7) to base 8.
1
What is -122 (base 3) in base 9?
-18
What is 1 (base 3) in base 4?
1
30 (base 15) to base 2
101101
What is -4 (base 7) in base 8?
-4
Convert 109 (base 12) to base 11.
12a
-1 (base 13) to base 11
-1
What is -1 (base 5) in base 6?
-1
What is 100011 (base 3) in base 7?
502
Convert 34 (base 13) to base 5.
133
Convert 87 (base 14) to base 11.
a9
What is -2 (base 12) in base 13?
-2
Convert -28 (base 11) to base 15.
-20
What is 2 (base 6) in base 10?
2
Convert 1013 (base 4) to base 3.
2122
What is 111 (base 7) in base 13?
45
What is 12 (base 14) in base 6?
24
Convert -1011001 (base 2) to base 13.
-6b
Convert 11 (base 9) to base 5.
20
Convert 147 (base 12) to base 4.
3013
Convert -56 (base 8) to base 13.
-37
What is -1a (base 13) in base 15?
-18
Convert 1 (base 7) to base 4.
1
What is 0 (base 8) in base 10?
0
24 (base 6) to base 15
11
What is 0 (base 16) in base 2?
0
What is 2232 (base 4) i